er when 336890 is divided by 29?
26
What is the remainder when 24689 is divided by 3083?
25
What is the remainder when 2342 is divided by 10?
2
Calculate the remainder when 237 is divided by 59.
1
Calculate the remainder when 28924 is divided by 14461.
2
Calculate the remainder when 145660 is divided by 240.
220
Calculate the remainder when 11983 is divided by 2884.
447
What is the remainder when 2203 is divided by 2186?
17
Calculate the remainder when 7876139 is divided by 596.
595
What is the remainder when 551667 is divided by 213?
210
What is the remainder when 58796 is divided by 606?
14
What is the remainder when 11275 is divided by 3729?
88
Calculate the remainder when 143780 is divided by 9.
5
Calculate the remainder when 9248 is divided by 933.
851
What is the remainder when 975 is divided by 9?
3
Calculate the remainder when 43696 is divided by 575.
571
Calculate the remainder when 57823 is divided by 28890.
43
What is the remainder when 489344 is divided by 54371?
5
Calculate the remainder when 6778 is divided by 46.
16
Calculate the remainder when 9047 is divided by 753.
11
Calculate the remainder when 40397 is divided by 396.
5
What is the remainder when 746412 is divided by 9?
6
Calculate the remainder when 14979 is divided by 1250.
1229
What is the remainder when 8832 is divided by 353?
7
Calculate the remainder when 12194 is divided by 30.
14
What is the remainder when 19499 is divided by 346?
123
Calculate the remainder when 11034349 is divided by 14.
11
What is the remainder when 1032 is divided by 4?
0
What is the remainder when 25529 is divided by 138?
137
Calculate the remainder when 6569 is divided by 120.
89
What is the remainder when 26650 is divided by 14?
8
Calculate the remainder when 23848 is divided by 484.
132
What is the remainder when 464806 is divided by 10?
6
What is the remainder when 83902 is divided by 213?
193
What is the remainder when 54163 is divided by 3868?
11
Calculate the remainder when 38845 is divided by 2.
1
What is the remainder when 127589 is divided by 41?
38
What is the remainder when 62180 is divided by 20?
0
Calculate the remainder when 1147118 is divided by 301.
7
What is the remainder when 127870 is divided by 75?
70
Calculate the remainder when 48034 is divided by 20.
14
Calculate the remainder when 3059 is divided by 2952.
107
What is the remainder when 24500 is divided by 6?
2
What is the remainder when 21454 is divided by 1786?
22
Calculate the remainder when 1392 is divided by 37.
23
What is the remainder when 71669 is divided by 165?
59
Calculate the remainder when 7394 is divided by 203.
86
Calculate the remainder when 10540 is divided by 176.
156
What is the remainder when 17412 is divided by 4346?
28
Calculate the remainder when 9130 is divided by 23.
22
What is the remainder when 43533 is divided by 21750?
33
What is the remainder when 320085 is divided by 26?
25
What is the remainder when 38999 is divided by 37?
1
What is the remainder when 632 is divided by 133?
100
What is the remainder when 65736 is divided by 32857?
22
What is the remainder when 21106 is divided by 84?
22
What is the remainder when 339739 is divided by 18?
7
Calculate the remainder when 3272 is divided by 193.
184
Calculate the remainder when 2790 is divided by 2516.
274
What is the remainder when 4188 is divided by 162?
138
Calculate the remainder when 5574 is divided by 1563.
885
What is the remainder when 32900 is divided by 143?
10
Calculate the remainder when 36933 is divided by 83.
81
What is the remainder when 24944 is divided by 44?
40
What is the remainder when 47544 is divided by 53?
3
Calculate the remainder when 72309 is divided by 418.
413
Calculate the remainder when 7256 is divided by 555.
41
Calculate the remainder when 1152 is divided by 296.
264
What is the remainder when 7442585 is divided by 9?
8
Calculate the remainder when 32204 is divided by 31.
26
What is the remainder when 10739 is divided by 10675?
64
Calculate the remainder when 28232 is divided by 19.
17
What is the remainder when 91453 is divided by 65?
63
What is the remainder when 36886 is divided by 159?
157
Calculate the remainder when 44039 is divided by 14635.
134
What is the remainder when 278505 is divided by 128?
105
Calculate the remainder when 10254 is divided by 5127.
0
What is the remainder when 3343 is divided by 64?
15
What is the remainder when 5998 is divided by 499?
10
Calculate the remainder when 1206 is divided by 188.
78
Calculate the remainder when 10359 is divided by 13.
11
Calculate the remainder when 3915 is divided by 3578.
337
What is the remainder when 3991 is divided by 73?
49
Calculate the remainder when 61732 is divided by 21.
13
What is the remainder when 3250267 is divided by 23?
22
Calculate the remainder when 1559 is divided by 1541.
18
What is the remainder when 22000 is divided by 188?
4
Calculate the remainder when 3088029 is divided by 1157.
1153
Calculate the remainder when 117042 is divided by 2.
0
Calculate the remainder when 17422 is divided by 5806.
4
What is the remainder when 14160 is divided by 154?
146
Calculate the remainder when 8093 is divided by 4014.
65
Calculate the remainder when 24481 is divided by 288.
1
What is the remainder when 2383 is divided by 341?
337
What is the remainder when 863 is divided by 369?
125
What is the remainder when 21586 is divided by 551?
97
What is the remainder when 191344 is divided by 63773?
25
Calculate the remainder when 4256 is divided by 1381.
113
What is the remainder when 634054 is divided by 42270?
4
What is the remainder when 520112 is divided by 97?
95
What is the remainder when 3510 is divided by 318?
12
What is the remainder when 10605 is divided by 10595?
10
Calculate the remainder when 10029 is divided by 85.
84
Calculate the remainder when 42790 is divided by 60.
10
What is the remainder when 10790 is divided by 10788?
2
What is the remainder when 5646 is divided by 333?
318
Calculate the remainder when 331384 is divided by 41421.
16
Calculate the remainder when 293533 is divided by 46.
7
What is the remainder when 15434 is divided by 964?
10
What is the remainder when 13666 is divided by 1896?
394
What is the remainder when 3787151 is divided by 15?
11
What is the remainder when 54012 is divided by 113?
111
Calculate the remainder when 10721 is divided by 71.
0
What is the remainder when 15865 is divided by 1762?
7
What is the remainder when 17264 is divided by 786?
758
Calculate the remainder when 7375 is divided by 6757.
618
What is the remainder when 81 is divided by 38?
5
Calculate the remainder when 21246 is divided by 10568.
110
Calculate the remainder when 19229 is divided by 739.
15
What is the remainder when 107436 is divided by 85?
81
Calculate the remainder when 20515 is divided by 361.
299
What is the remainder when 70545 is divided by 70489?
56
Calculate the remainder when 14776 is divided by 4904.
64
What is the remainder when 2623720 is divided by 1311854?
12
Calculate the remainder when 188691 is divided by 68.
59
Calculate the remainder when 5388 is divided by 64.
12
Calculate the remainder when 673 is divided by 265.
143
Calculate the remainder when 105338 is divided by 105327.
11
Calculate the remainder when 17088 is divided by 75.
63
Calculate the remainder when 6409 is divided by 2098.
115
What is the remainder when 15102 is divided by 1006?
12
What is the remainder when 228657 is divided by 4?
1
What is the remainder when 9274 is divided by 4614?
46
Calculate the remainder when 9306 is divided by 842.
44
What is the remainder when 66862 is divided by 170?
52
Calculate the remainder when 7876 is divided by 116.
104
Calculate the remainder when 7498 is divided by 1230.
118
Calculate the remainder when 530703 is divided by 809.
808
Calculate the remainder when 89544 is divided by 149.
144
Calculate the remainder when 129203 is divided by 13.
9
What is the remainder when 63388 is divided by 26?
0
What is the remainder when 387114 is divided by 29778?
0
What is the remainder when 43007 is divided by 19?
10
What is the remainder when 9081 is divided by 1128?
57
Calculate the remainder when 355300 is divided by 46.
42
What is the remainder when 3517 is divided by 317?
30
What is the remainder when 13439 is divi